{"id":1377,"date":"2022-04-28T13:39:45","date_gmt":"2022-04-28T16:39:45","guid":{"rendered":"https:\/\/agenciatrilhas.com.br\/cris\/?page_id=1377"},"modified":"2022-09-19T12:13:03","modified_gmt":"2022-09-19T15:13:03","slug":"missao-visao-e-valores","status":"publish","type":"page","link":"https:\/\/agenciatrilhas.com.br\/cris\/missao-visao-e-valores\/","title":{"rendered":"Miss\u00e3o, Vis\u00e3o e Valores"},"content":{"rendered":"\t\t<div data-elementor-type=\"wp-page\" data-elementor-id=\"1377\" class=\"elementor elementor-1377\" data-elementor-settings=\"[]\">\n\t\t\t\t\t\t\t<div class=\"elementor-section-wrap\">\n\t\t\t\t\t\t\t<section class=\"elementor-section elementor-top-section elementor-element elementor-element-0af069e elementor-section-boxed elementor-section-height-default elementor-section-height-default\" data-id=\"0af069e\" data-element_type=\"section\" data-settings=\"{&quot;background_background&quot;:&quot;classic&quot;}\">\n\t\t\t\t\t\t\t<div class=\"elementor-background-overlay\"><\/div>\n\t\t\t\t\t\t\t<div class=\"elementor-container elementor-column-gap-no\">\n\t\t\t\t\t<div class=\"elementor-column elementor-col-100 elementor-top-column elementor-element elementor-element-0ea9456\" data-id=\"0ea9456\" data-element_type=\"column\">\n\t\t\t<div class=\"elementor-widget-wrap elementor-element-populated\">\n\t\t\t\t\t\t\t\t\t<\/div>\n\t\t<\/div>\n\t\t\t\t\t\t\t<\/div>\n\t\t<\/section>\n\t\t\t\t<section class=\"elementor-section elementor-top-section elementor-element elementor-element-4cc52a8 elementor-section-boxed elementor-section-height-default elementor-section-height-default\" data-id=\"4cc52a8\" data-element_type=\"section\">\n\t\t\t\t\t\t<div class=\"elementor-container elementor-column-gap-no\">\n\t\t\t\t\t<div class=\"elementor-column elementor-col-100 elementor-top-column elementor-element elementor-element-25a2d6d\" data-id=\"25a2d6d\" data-element_type=\"column\">\n\t\t\t<div class=\"elementor-widget-wrap elementor-element-populated\">\n\t\t\t\t\t\t\t\t<section class=\"elementor-section elementor-inner-section elementor-element elementor-element-995c893 elementor-section-full_width elementor-section-height-default elementor-section-height-default\" data-id=\"995c893\" data-element_type=\"section\">\n\t\t\t\t\t\t<div class=\"elementor-container elementor-column-gap-wide\">\n\t\t\t\t\t<div class=\"elementor-column elementor-col-33 elementor-inner-column elementor-element elementor-element-99637a4\" data-id=\"99637a4\" data-element_type=\"column\">\n\t\t\t<div class=\"elementor-widget-wrap elementor-element-populated\">\n\t\t\t\t\t\t\t\t<div class=\"elementor-element elementor-element-72d5221 elementor-position-top elementor-vertical-align-top elementor-widget elementor-widget-image-box\" data-id=\"72d5221\" data-element_type=\"widget\" data-widget_type=\"image-box.default\">\n\t\t\t\t<div class=\"elementor-widget-container\">\n\t\t\t<div class=\"elementor-image-box-wrapper\"><figure class=\"elementor-image-box-img\"><img loading=\"lazy\" decoding=\"async\" width=\"600\" height=\"400\" src=\"https:\/\/agenciatrilhas.com.br\/cris\/wp-content\/uploads\/2022\/09\/3-1.jpg\" class=\"attachment-full size-full\" alt=\"\" srcset=\"https:\/\/agenciatrilhas.com.br\/cris\/wp-content\/uploads\/2022\/09\/3-1.jpg 600w, https:\/\/agenciatrilhas.com.br\/cris\/wp-content\/uploads\/2022\/09\/3-1-300x200.jpg 300w\" sizes=\"auto, (max-width: 600px) 100vw, 600px\" \/><\/figure><div class=\"elementor-image-box-content\"><h4 class=\"elementor-image-box-title\">MISS\u00c3O<\/h4><p class=\"elementor-image-box-description\">Cristina tem como miss\u00e3o se desenvolver de forma constante e evolutiva, a fim de viver um estilo de vida abundante e contribuir para que pessoas e organiza\u00e7\u00f5es, por meio de seus executivos, gestores e l\u00edderes, acessem o verdadeiro prop\u00f3sito de suas vidas e neg\u00f3cios, potencializando seus resultados e alcan\u00e7ando, assim, a alta performance nas mais diversas \u00e1reas.<\/p><\/div><\/div>\t\t<\/div>\n\t\t\t\t<\/div>\n\t\t\t\t\t<\/div>\n\t\t<\/div>\n\t\t\t\t<div class=\"elementor-column elementor-col-33 elementor-inner-column elementor-element elementor-element-8010d10\" data-id=\"8010d10\" data-element_type=\"column\">\n\t\t\t<div class=\"elementor-widget-wrap elementor-element-populated\">\n\t\t\t\t\t\t\t\t<div class=\"elementor-element elementor-element-a2b387a elementor-position-top elementor-vertical-align-top elementor-widget elementor-widget-image-box\" data-id=\"a2b387a\" data-element_type=\"widget\" data-widget_type=\"image-box.default\">\n\t\t\t\t<div class=\"elementor-widget-container\">\n\t\t\t<div class=\"elementor-image-box-wrapper\"><figure class=\"elementor-image-box-img\"><img loading=\"lazy\" decoding=\"async\" width=\"600\" height=\"400\" src=\"https:\/\/agenciatrilhas.com.br\/cris\/wp-content\/uploads\/2022\/09\/2-1.jpg\" class=\"attachment-full size-full\" alt=\"\" srcset=\"https:\/\/agenciatrilhas.com.br\/cris\/wp-content\/uploads\/2022\/09\/2-1.jpg 600w, https:\/\/agenciatrilhas.com.br\/cris\/wp-content\/uploads\/2022\/09\/2-1-300x200.jpg 300w\" sizes=\"auto, (max-width: 600px) 100vw, 600px\" \/><\/figure><div class=\"elementor-image-box-content\"><h4 class=\"elementor-image-box-title\">VIS\u00c3O<\/h4><p class=\"elementor-image-box-description\">Ser refer\u00eancia como profissional e ser humano capaz de contribuir para que pessoas identifiquem e construam os resultados desejados, nos variados segmentos de suas vidas.\u00a0\u00a0<\/p><\/div><\/div>\t\t<\/div>\n\t\t\t\t<\/div>\n\t\t\t\t\t<\/div>\n\t\t<\/div>\n\t\t\t\t<div class=\"elementor-column elementor-col-33 elementor-inner-column elementor-element elementor-element-29f7491\" data-id=\"29f7491\" data-element_type=\"column\">\n\t\t\t<div class=\"elementor-widget-wrap elementor-element-populated\">\n\t\t\t\t\t\t\t\t<div class=\"elementor-element elementor-element-94bdce1 elementor-position-top elementor-vertical-align-top elementor-widget elementor-widget-image-box\" data-id=\"94bdce1\" data-element_type=\"widget\" data-widget_type=\"image-box.default\">\n\t\t\t\t<div class=\"elementor-widget-container\">\n\t\t\t<div class=\"elementor-image-box-wrapper\"><figure class=\"elementor-image-box-img\"><img loading=\"lazy\" decoding=\"async\" width=\"600\" height=\"400\" src=\"https:\/\/agenciatrilhas.com.br\/cris\/wp-content\/uploads\/2022\/09\/1-2.jpg\" class=\"attachment-full size-full\" alt=\"\" srcset=\"https:\/\/agenciatrilhas.com.br\/cris\/wp-content\/uploads\/2022\/09\/1-2.jpg 600w, https:\/\/agenciatrilhas.com.br\/cris\/wp-content\/uploads\/2022\/09\/1-2-300x200.jpg 300w\" sizes=\"auto, (max-width: 600px) 100vw, 600px\" \/><\/figure><div class=\"elementor-image-box-content\"><h4 class=\"elementor-image-box-title\">VALORES<\/h4><p class=\"elementor-image-box-description\">Durante toda sua jornada,\u00a0 tanto como Coach, como Executiva de Neg\u00f3cios, os seguintes valores sempre estiveram juntos de seus prop\u00f3sitos:\n\n<strong>F\u00e9, Determina\u00e7\u00e3o, \u00c9tica, Aprendizado Cont\u00ednuo, Sabedoria, Amor, Fam\u00edlia, Autoconhecimento, Foco em Resultados, Compaix\u00e3o, Capacidade de Resili\u00eancia.<\/strong><\/p><\/div><\/div>\t\t<\/div>\n\t\t\t\t<\/div>\n\t\t\t\t\t<\/div>\n\t\t<\/div>\n\t\t\t\t\t\t\t<\/div>\n\t\t<\/section>\n\t\t\t\t\t<\/div>\n\t\t<\/div>\n\t\t\t\t\t\t\t<\/div>\n\t\t<\/section>\n\t\t\t\t<section class=\"elementor-section elementor-top-section elementor-element elementor-element-d0e9b67 elementor-section-boxed elementor-section-height-default elementor-section-height-default\" data-id=\"d0e9b67\" data-element_type=\"section\" data-settings=\"{&quot;background_background&quot;:&quot;classic&quot;}\">\n\t\t\t\t\t\t<div class=\"elementor-container elementor-column-gap-no\">\n\t\t\t\t\t<div class=\"elementor-column elementor-col-100 elementor-top-column elementor-element elementor-element-f82c665\" data-id=\"f82c665\" data-element_type=\"column\">\n\t\t\t<div class=\"elementor-widget-wrap elementor-element-populated\">\n\t\t\t\t\t\t\t\t<div class=\"elementor-element elementor-element-8765595 elementor-widget elementor-widget-image\" data-id=\"8765595\" data-element_type=\"widget\" data-widget_type=\"image.default\">\n\t\t\t\t<div class=\"elementor-widget-container\">\n\t\t\t\t\t<div class=\"elementor-image\">\n\t\t\t\t\t\t\t\t\t\t<img loading=\"lazy\" decoding=\"async\" width=\"59\" height=\"80\" src=\"https:\/\/agenciatrilhas.com.br\/cris\/wp-content\/uploads\/2022\/09\/brilho.png\" class=\"attachment-medium_large size-medium_large\" alt=\"\" \/>\t\t\t\t\t\t\t\t\t\t\t<\/div>\n\t\t\t\t<\/div>\n\t\t\t\t<\/div>\n\t\t\t\t<div class=\"elementor-element elementor-element-63f7ae3 elementor-widget elementor-widget-heading\" data-id=\"63f7ae3\" data-element_type=\"widget\" data-widget_type=\"heading.default\">\n\t\t\t\t<div class=\"elementor-widget-container\">\n\t\t\t<h3 class=\"elementor-heading-title elementor-size-default\">Acredito que com esses valores e atitudes focadas nos processos de transforma\u00e7\u00f5es, consigo ajudar pessoas a ressignificarem suas vidas, contribuindo para alcan\u00e7arem o sucesso que almejam nas diferentes \u00e1reas.<\/h3>\t\t<\/div>\n\t\t\t\t<\/div>\n\t\t\t\t<div class=\"elementor-element elementor-element-da7ee7b elementor-widget elementor-widget-image\" data-id=\"da7ee7b\" data-element_type=\"widget\" data-widget_type=\"image.default\">\n\t\t\t\t<div class=\"elementor-widget-container\">\n\t\t\t\t\t<div class=\"elementor-image\">\n\t\t\t\t\t\t\t\t\t\t<img loading=\"lazy\" decoding=\"async\" width=\"99\" height=\"48\" src=\"https:\/\/agenciatrilhas.com.br\/cris\/wp-content\/uploads\/2022\/09\/cb.png\" class=\"attachment-medium_large size-medium_large\" alt=\"\" \/>\t\t\t\t\t\t\t\t\t\t\t<\/div>\n\t\t\t\t<\/div>\n\t\t\t\t<\/div>\n\t\t\t\t\t<\/div>\n\t\t<\/div>\n\t\t\t\t\t\t\t<\/div>\n\t\t<\/section>\n\t\t\t\t\t\t<\/div>\n\t\t\t\t\t<\/div>\n\t\t","protected":false},"excerpt":{"rendered":"<p>MISS\u00c3O Cristina tem como miss\u00e3o se desenvolver de forma constante e evolutiva, a fim de viver um estilo de vida abundante e contribuir para que pessoas e organiza\u00e7\u00f5es, por meio de seus executivos, gestores e l\u00edderes, acessem o verdadeiro prop\u00f3sito de suas vidas e neg\u00f3cios, potencializando seus resultados e alcan\u00e7ando, assim, a alta performance nas [&hellip;]<\/p>\n","protected":false},"author":1,"featured_media":0,"parent":0,"menu_order":0,"comment_status":"closed","ping_status":"closed","template":"","meta":{"footnotes":""},"class_list":["post-1377","page","type-page","status-publish","hentry"],"yoast_head":"<!-- This site is optimized with the Yoast SEO plugin v18.3 - https:\/\/yoast.com\/wordpress\/plugins\/seo\/ -->\n<title>Miss\u00e3o, Vis\u00e3o e Valores - Cristina Marcussi Bonatto<\/title>\n<meta name=\"robots\" content=\"index, follow, max-snippet:-1, max-image-preview:large, max-video-preview:-1\" \/>\n<link rel=\"canonical\" href=\"https:\/\/agenciatrilhas.com.br\/cris\/missao-visao-e-valores\/\" \/>\n<meta property=\"og:locale\" content=\"pt_BR\" \/>\n<meta property=\"og:type\" content=\"article\" \/>\n<meta property=\"og:title\" content=\"Miss\u00e3o, Vis\u00e3o e Valores - Cristina Marcussi Bonatto\" \/>\n<meta property=\"og:description\" content=\"MISS\u00c3O Cristina tem como miss\u00e3o se desenvolver de forma constante e evolutiva, a fim de viver um estilo de vida abundante e contribuir para que pessoas e organiza\u00e7\u00f5es, por meio de seus executivos, gestores e l\u00edderes, acessem o verdadeiro prop\u00f3sito de suas vidas e neg\u00f3cios, potencializando seus resultados e alcan\u00e7ando, assim, a alta performance nas [&hellip;]\" \/>\n<meta property=\"og:url\" content=\"https:\/\/agenciatrilhas.com.br\/cris\/missao-visao-e-valores\/\" \/>\n<meta property=\"og:site_name\" content=\"Cristina Marcussi Bonatto\" \/>\n<meta property=\"article:modified_time\" content=\"2022-09-19T15:13:03+00:00\" \/>\n<meta property=\"og:image\" content=\"http:\/\/agenciatrilhas.com.br\/cris\/wp-content\/uploads\/2022\/09\/3-1.jpg\" \/>\n<meta name=\"twitter:card\" content=\"summary_large_image\" \/>\n<meta name=\"twitter:label1\" content=\"Est. tempo de leitura\" \/>\n\t<meta name=\"twitter:data1\" content=\"2 minutos\" \/>\n<script type=\"application\/ld+json\" class=\"yoast-schema-graph\">{\"@context\":\"https:\/\/schema.org\",\"@graph\":[{\"@type\":\"WebSite\",\"@id\":\"https:\/\/agenciatrilhas.com.br\/cris\/#website\",\"url\":\"https:\/\/agenciatrilhas.com.br\/cris\/\",\"name\":\"Cristina Marcussi Bonatto\",\"description\":\"Desenvolvimento\",\"potentialAction\":[{\"@type\":\"SearchAction\",\"target\":{\"@type\":\"EntryPoint\",\"urlTemplate\":\"https:\/\/agenciatrilhas.com.br\/cris\/?s={search_term_string}\"},\"query-input\":\"required name=search_term_string\"}],\"inLanguage\":\"pt-BR\"},{\"@type\":\"ImageObject\",\"@id\":\"https:\/\/agenciatrilhas.com.br\/cris\/missao-visao-e-valores\/#primaryimage\",\"inLanguage\":\"pt-BR\",\"url\":\"https:\/\/agenciatrilhas.com.br\/cris\/wp-content\/uploads\/2022\/09\/3-1.jpg\",\"contentUrl\":\"https:\/\/agenciatrilhas.com.br\/cris\/wp-content\/uploads\/2022\/09\/3-1.jpg\",\"width\":600,\"height\":400},{\"@type\":\"WebPage\",\"@id\":\"https:\/\/agenciatrilhas.com.br\/cris\/missao-visao-e-valores\/#webpage\",\"url\":\"https:\/\/agenciatrilhas.com.br\/cris\/missao-visao-e-valores\/\",\"name\":\"Miss\u00e3o, Vis\u00e3o e Valores - Cristina Marcussi Bonatto\",\"isPartOf\":{\"@id\":\"https:\/\/agenciatrilhas.com.br\/cris\/#website\"},\"primaryImageOfPage\":{\"@id\":\"https:\/\/agenciatrilhas.com.br\/cris\/missao-visao-e-valores\/#primaryimage\"},\"datePublished\":\"2022-04-28T16:39:45+00:00\",\"dateModified\":\"2022-09-19T15:13:03+00:00\",\"breadcrumb\":{\"@id\":\"https:\/\/agenciatrilhas.com.br\/cris\/missao-visao-e-valores\/#breadcrumb\"},\"inLanguage\":\"pt-BR\",\"potentialAction\":[{\"@type\":\"ReadAction\",\"target\":[\"https:\/\/agenciatrilhas.com.br\/cris\/missao-visao-e-valores\/\"]}]},{\"@type\":\"BreadcrumbList\",\"@id\":\"https:\/\/agenciatrilhas.com.br\/cris\/missao-visao-e-valores\/#breadcrumb\",\"itemListElement\":[{\"@type\":\"ListItem\",\"position\":1,\"name\":\"In\u00edcio\",\"item\":\"https:\/\/agenciatrilhas.com.br\/cris\/\"},{\"@type\":\"ListItem\",\"position\":2,\"name\":\"Miss\u00e3o, Vis\u00e3o e Valores\"}]}]}<\/script>\n<!-- \/ Yoast SEO plugin. -->","yoast_head_json":{"title":"Miss\u00e3o, Vis\u00e3o e Valores - Cristina Marcussi Bonatto","robots":{"index":"index","follow":"follow","max-snippet":"max-snippet:-1","max-image-preview":"max-image-preview:large","max-video-preview":"max-video-preview:-1"},"canonical":"https:\/\/agenciatrilhas.com.br\/cris\/missao-visao-e-valores\/","og_locale":"pt_BR","og_type":"article","og_title":"Miss\u00e3o, Vis\u00e3o e Valores - Cristina Marcussi Bonatto","og_description":"MISS\u00c3O Cristina tem como miss\u00e3o se desenvolver de forma constante e evolutiva, a fim de viver um estilo de vida abundante e contribuir para que pessoas e organiza\u00e7\u00f5es, por meio de seus executivos, gestores e l\u00edderes, acessem o verdadeiro prop\u00f3sito de suas vidas e neg\u00f3cios, potencializando seus resultados e alcan\u00e7ando, assim, a alta performance nas [&hellip;]","og_url":"https:\/\/agenciatrilhas.com.br\/cris\/missao-visao-e-valores\/","og_site_name":"Cristina Marcussi Bonatto","article_modified_time":"2022-09-19T15:13:03+00:00","og_image":[{"url":"http:\/\/agenciatrilhas.com.br\/cris\/wp-content\/uploads\/2022\/09\/3-1.jpg"}],"twitter_card":"summary_large_image","twitter_misc":{"Est. tempo de leitura":"2 minutos"},"schema":{"@context":"https:\/\/schema.org","@graph":[{"@type":"WebSite","@id":"https:\/\/agenciatrilhas.com.br\/cris\/#website","url":"https:\/\/agenciatrilhas.com.br\/cris\/","name":"Cristina Marcussi Bonatto","description":"Desenvolvimento","potentialAction":[{"@type":"SearchAction","target":{"@type":"EntryPoint","urlTemplate":"https:\/\/agenciatrilhas.com.br\/cris\/?s={search_term_string}"},"query-input":"required name=search_term_string"}],"inLanguage":"pt-BR"},{"@type":"ImageObject","@id":"https:\/\/agenciatrilhas.com.br\/cris\/missao-visao-e-valores\/#primaryimage","inLanguage":"pt-BR","url":"https:\/\/agenciatrilhas.com.br\/cris\/wp-content\/uploads\/2022\/09\/3-1.jpg","contentUrl":"https:\/\/agenciatrilhas.com.br\/cris\/wp-content\/uploads\/2022\/09\/3-1.jpg","width":600,"height":400},{"@type":"WebPage","@id":"https:\/\/agenciatrilhas.com.br\/cris\/missao-visao-e-valores\/#webpage","url":"https:\/\/agenciatrilhas.com.br\/cris\/missao-visao-e-valores\/","name":"Miss\u00e3o, Vis\u00e3o e Valores - Cristina Marcussi Bonatto","isPartOf":{"@id":"https:\/\/agenciatrilhas.com.br\/cris\/#website"},"primaryImageOfPage":{"@id":"https:\/\/agenciatrilhas.com.br\/cris\/missao-visao-e-valores\/#primaryimage"},"datePublished":"2022-04-28T16:39:45+00:00","dateModified":"2022-09-19T15:13:03+00:00","breadcrumb":{"@id":"https:\/\/agenciatrilhas.com.br\/cris\/missao-visao-e-valores\/#breadcrumb"},"inLanguage":"pt-BR","potentialAction":[{"@type":"ReadAction","target":["https:\/\/agenciatrilhas.com.br\/cris\/missao-visao-e-valores\/"]}]},{"@type":"BreadcrumbList","@id":"https:\/\/agenciatrilhas.com.br\/cris\/missao-visao-e-valores\/#breadcrumb","itemListElement":[{"@type":"ListItem","position":1,"name":"In\u00edcio","item":"https:\/\/agenciatrilhas.com.br\/cris\/"},{"@type":"ListItem","position":2,"name":"Miss\u00e3o, Vis\u00e3o e Valores"}]}]}},"_links":{"self":[{"href":"https:\/\/agenciatrilhas.com.br\/cris\/wp-json\/wp\/v2\/pages\/1377","targetHints":{"allow":["GET"]}}],"collection":[{"href":"https:\/\/agenciatrilhas.com.br\/cris\/wp-json\/wp\/v2\/pages"}],"about":[{"href":"https:\/\/agenciatrilhas.com.br\/cris\/wp-json\/wp\/v2\/types\/page"}],"author":[{"embeddable":true,"href":"https:\/\/agenciatrilhas.com.br\/cris\/wp-json\/wp\/v2\/users\/1"}],"replies":[{"embeddable":true,"href":"https:\/\/agenciatrilhas.com.br\/cris\/wp-json\/wp\/v2\/comments?post=1377"}],"version-history":[{"count":68,"href":"https:\/\/agenciatrilhas.com.br\/cris\/wp-json\/wp\/v2\/pages\/1377\/revisions"}],"predecessor-version":[{"id":2151,"href":"https:\/\/agenciatrilhas.com.br\/cris\/wp-json\/wp\/v2\/pages\/1377\/revisions\/2151"}],"wp:attachment":[{"href":"https:\/\/agenciatrilhas.com.br\/cris\/wp-json\/wp\/v2\/media?parent=1377"}],"curies":[{"name":"wp","href":"https:\/\/api.w.org\/{rel}","templated":true}]}}